hat is the tens digit of v?
2
Suppose 13 = -4*k + 1. Let w be (-1)/(0 + -2 - -3). Let m = w - k. What is the units digit of m?
2
Let m = 28 - 14. Let v = m - -12. What is the tens digit of v?
2
Suppose -6*t + 8*t = 32. What is the tens digit of t?
1
Let d(c) = -33*c - 1. Suppose 2 + 3 = -5*k. What is the tens digit of d(k)?
3
Let a be (-5)/1*(0 - 1). Let t = a - 0. Suppose -5*k = 2*w, 0 = w - 3*k - t - 6. What is the units digit of w?
5
What is the units digit of ((-32)/12 - 0)*-3?
8
Let t = 1 - 0. What is the tens digit of t/(-2) - 29/(-2)?
1
Let v(k) = -k**3 - 5*k**2 - 5*k - 4. Let j be v(-4). Let a = j - -8. What is the units digit of a?
8
Let g be (-3 + 23)/(6/(-9)). What is the units digit of 20/(-6)*g/25?
4
Let a = 423 - 41. What is the units digit of a?
2
Suppose 2*u - 102 = -0*u. What is the tens digit of u?
5
Let t be 4/12 + (-11)/(-3). Let q be (-6)/(-15)*-1*5. Let b = q + t. What is the units digit of b?
2
Suppose -3*w = 4*d + 9, -3*w + 3 - 12 = 3*d. What is the units digit of d - -1 - (-1 - 3)?
5
What is the tens digit of ((-25)/(-1))/(15/195)?
2
Let o be (-1)/(-2) - (-51)/6. Let r = o - 2. Suppose 5*m - g - 28 = 0, -r*m = -2*m - 2*g - 26. What is the units digit of m?
6
Let u be 318/(-27) + (-2)/9. Let x be 3/u - 1/(-4). Suppose x = 5*b - 5 - 5. What is the units digit of b?
2
Suppose -i + 46 = k + i, k = i + 46. What is the tens digit of k?
4
Let q(x) = x**3 + 12*x**2 - 5*x + 22. What is the units digit of q(-12)?
2
Let k = 75 - 43. What is the units digit of k?
2
Suppose 10*n - 199 = 3281. What is the units digit of n?
8
Suppose 4*h + 12 + 13 = a, 10 = -2*h. Suppose -3 = -4*r + a. Let f = r - -2. What is the units digit of f?
4
Let r be 20/(16/4) + 1. Suppose -2*o + r*x + 15 = x, 2*x = -2. What is the units digit of o?
5
Let m be (30/8)/(1/(-4)). Let t be ((-35)/m)/((-2)/6). Let k = t - -16. What is the units digit of k?
9
Let q(f) = f**3 - 6*f**2 + 6*f - 8. Let n(u) = 2*u**2 - 3*u - 3. Let y be n(3). What is the units digit of q(y)?
8
Let d be 58*(-3 - -2)/(-2). Let q = d + -20. What is the units digit of q?
9
Let n = -18 + 25. Let d be (-5)/(-7) - (-2)/n. What is the units digit of -5*d*8/(-20)?
2
Let a(v) = -v**3 + 7*v**2 + v - 4. Let m be a(7). Let f be 2 + 3/m + 45. Suppose -5*j + 40 = 2*s + s, -5*s + j + f = 0. What is the units digit of s?
0
Suppose -3*a + 21 = -g, -4*g = -5*a + 63 - 7. Let v(o) = -o + 4. What is the tens digit of v(g)?
1
Let r = 13 + 2. Suppose -j = f - 3*j - r, 0 = -4*f - 5*j + 21. What is the units digit of f?
9
Suppose -2*a - 3*f = -0*a - 21, -2*a = -4*f. Suppose 5*y + 0 + 2 = i, -a = -3*i. Suppose -4*g - g + 10 = y. What is the units digit of g?
2
What is the tens digit of 3/(-12) - (-340)/16?
2
Suppose 0*n + 3*s - 29 = 5*n, -5*n - 33 = -s. Let u = n - -25. Let j = 27 - u. What is the units digit of j?
9
Let v = 53 - -25. What is the tens digit of v?
7
Let m(d) = d**2 - d + 8. Let r be 1 + -2 - (5 - 6). Let p be m(r). Suppose -4 = -4*t + p. What is the units digit of t?
3
Let a(q) = -3*q + 2. Let i(h) = h**3 - 6*h**2 + h - 2. Let v be i(6). Suppose z = -v - 0. What is the tens digit of a(z)?
1
Let x = -387 + 560. What is the tens digit of x?
7
Suppose -3*b + 29 = -2*h - 40, 46 = 2*b + h. Suppose 0 = -4*a + 4*s - 12, -a = -3*s - 2*s + b. Suppose -20 + a = -3*q. What is the units digit of q?
6
Suppose 2*y - 8 + 0 = 0. Suppose -5*w - 4*r - y = 0, 0 = -r + 3*r + 2. Suppose 0 = j - w*j - o - 12, 54 = 4*j + 2*o. What is the units digit of j?
3
Suppose 4*t = -3*x - 42 - 8, t + 20 = 3*x. What is the units digit of 25/2 + (-7)/t?
3
Suppose -c = -2*n - 43, 2*c + 5*n - 48 = 29. What is the units digit of c?
1
Let v = 59 + 29. What is the units digit of v?
8
Let i = 5 - -7. What is the units digit of i?
2
Let f be 1/(-4) - (-2)/8. Suppose -2*b + 5*x + 7 = f, -4*b - x + 85 = b. What is the tens digit of b?
1
Let u(o) = 14*o**2. Let x be u(1). Let c be 7/(-2)*(2 - x). Suppose -2 + c = 5*v. What is the units digit of v?
8
Let t(m) = m + 1. Let s be t(-7). Let f(c) = -c**2 - 9*c + 7. What is the tens digit of f(s)?
2
Suppose 3*c + 3 = 4*c. Suppose 0 = -0*l - c*l + 36. What is the units digit of l?
2
Let s(r) = r**3 + 6*r**2 - 9*r + 6. What is the units digit of s(-7)?
0
Let k(y) = -y + 1. Let s be k(-3). Suppose -s*c = -c. Suppose p + 0 - 8 = c. What is the units digit of p?
8
Let w be (-1 - 0)/(2/(-4)). Suppose -w*u = -b - u + 8, -2*b + u = -11. What is the units digit of b?
3
Let n = -5 - 1. Let d = n - -9. Suppose -9 = -d*q - 5*c - 31, q + 19 = -4*c. What is the units digit of q?
1
Let i = 39 - -18. What is the tens digit of i?
5
Let q(h) = 36*h**2 + h. What is the units digit of q(1)?
7
Suppose -c + 16 = 3*c. What is the units digit of ((-14)/c)/((-1)/2)?
7
Let p = 6 - 4. Suppose 4*j = -4*h + 72, h = 3*j + 2*j - 6. What is the units digit of (-7)/h*-8*p?
8
Let b be 4*((-15)/4)/(-3). Let u = b - 3. What is the units digit of u?
2
Suppose 7*c - 3*c = 976. Suppose -4*a + 0*a = -c. Suppose -16 + a = 3*n. What is the tens digit of n?
1
Let i(t) = 0*t**3 - 2*t + t**3 - t**2 - 5 + 0*t + 2. Let m be i(-2). Let k = m - -21. What is the units digit of k?
0
Let d = 22 - 13. Let f = d + -6. What is the units digit of f?
3
Let m(n) = -2*n**3 + n**2 - n. Suppose 4*z = -7 - 1. Let a be m(z). Suppose 0 = 3*u - 5*r - 50, -3*u - 2*r = -0*r - a. What is the tens digit of u?
1
Let k be -1 + 1*-1*3. What is the units digit of (4/(-1))/(2/k)?
8
Suppose t - 38 = -b, 4*t - b - 2*b - 124 = 0. Let h = t + -2. What is the units digit of h?
2
Let i be ((-2)/(-4))/((-1)/24). Let m be (9/i)/((-9)/24). Suppose s - 7 = -m. What is the units digit of s?
5
Let v(r) be the second derivative of -3/2*r**2 - r - 1/12*r**4 - 7/6*r**3 + 0. What is the units digit of v(-5)?
7
Let n = -156 - -305. What is the hundreds digit of n?
1
Let f be -8*(-2)/10*-5. Let s(n) be the third derivative of -n**5/60 - 3*n**4/8 - n**3/6 - 2*n**2. What is the units digit of s(f)?
7
Let f = 8 - 3. Let q = f + -5. Suppose 30 = 3*v - q*v. What is the units digit of v?
0
Let b(j) be the third derivative of j**5/60 + 5*j**4/24 + j**3/6 - 2*j**2. Suppose -3*s = -2*z, 19 = z - 5*s + 5. What is the units digit of b(z)?
7
Let w = 13 - 6. Suppose w = 4*z - 9. What is the units digit of z?
4
Let g(o) be the second derivative of o**4/12 + o**3/2 - o**2 - o. Let b be g(-4). Suppose -3*l = -9, 4*x - 47 = b*l - 7*l. What is the units digit of x?
8
Suppose 5*k = 3*n - 20, 3*n - 5*n - 3*k = 12. Let q(z) = z + 27. What is the tens digit of q(n)?
2
Suppose -3 - 5 = -4*v. Suppose 3*l = -v*p - 4 + 41, -6 = -p + l. What is the units digit of p?
1
Let k be (42/4)/((-3)/(-6)). Let q = k - -6. What is the units digit of q?
7
Let g be 21/(-12) - (-1)/(-4). What is the units digit of (g/4)/((-1)/10)?
5
Let x(w) = -1 - 3 + 3 - 3*w + w**2. What is the units digit of x(-2)?
9
Let s be 2/(-10) + (-1432)/(-10). Suppose -n - 4*w + 5*w + 34 = 0, 5*n - s = -4*w. What is the units digit of n?
1
Let q = -57 + 232. What is the tens digit of q?
7
Suppose -4*n - 2 = -5*w, -2*n + 3*n + 5*w + 13 = 0. Let f = -2 - -9. What is the units digit of (n - (-1 - 1)) + f?
6
Let s = 6 + 2. Suppose 40 = 3*p - s. What is the tens digit of p?
1
Let u = 158 - 91. What is the units digit of u?
7
Suppose -16 = -4*v + 4*h, -3*v - 3*h + 0*h = 0. Let o(f) = -f**3 + 3*f**2 + f - 1. What is the units digit of o(v)?
5
Let y(o) = 4*o**2 + 4*o - 4. What is the units digit of y(2)?
0
What is the hundreds digit of -19 - -19 - (-1 + -372)?
3
Suppose 0 = 3*i + 2*b - 186, -2*i + 2*b + 151 = 37. Suppose -4*f + i - 4 = 0. What is the tens digit of f?
1
Suppose 0 = z - 3*g - g - 17, 0 = 5*z + g + 20. What is the units digit of (21 - z)*(-9)/(-12)?
8
Suppose 2*r = 7*r - 25. Suppose r*n = -h + 26, 5*h - 2*n = -n. What is the units digit of h?
1
Let w(c) be the first derivative of c**4/4 - 5*c**3/3 - 2*c**2 + 3*c + 6. What is the units digit of w(6)?
5
What is the units digit of 155 - ((-1 - -3) + -4)?
7
Let y(c) = c**3 - 6*c**2 - 8*c + 7. Let j be y(7). Suppose -4*r + 4 = -j. Let t = r + 2. What is the units digit of t?
3
Suppose 30 = w + 5*s, 2*w = 2*s + 3*s - 15. Suppose w*u - 55 = 55. What is the units digit of u?
2
Let o = -2 + -2. What is the units digit of 3/(-9)*(o - 23)?
9
Let j(c) = 3*c + 11. Suppose -5*y - l + 2*l = 44, 5*y = -5*l 